are the prime factors of 550515886?
2, 113, 2435911
List the prime factors of 2000451477.
3, 103, 6473953
List the prime factors of 181190046.
2, 3, 17, 43, 109, 379
List the prime factors of 463733899.
463733899
List the prime factors of 22309921.
569, 39209
List the prime factors of 4369845839.
31, 140962769
List the prime factors of 56461912.
2, 13, 31, 83, 211
What are the prime factors of 66337256?
2, 61, 135937
What are the prime factors of 76221005?
5, 7, 733, 2971
What are the prime factors of 240069091?
47, 1201, 4253
List the prime factors of 247290728.
2, 71, 435371
List the prime factors of 23002665.
3, 5, 7, 73, 3001
What are the prime factors of 15191112?
2, 3, 109, 5807
List the prime factors of 347448095.
5, 69489619
List the prime factors of 38186215.
5, 7637243
What are the prime factors of 356455547?
7, 1039229
What are the prime factors of 21240122?
2, 29, 251, 1459
What are the prime factors of 2545587?
3, 11, 2857
List the prime factors of 28472571.
3, 3163619
List the prime factors of 1717763411.
7, 13, 18876521
List the prime factors of 1077627453.
3, 7, 167, 6271
List the prime factors of 122326443.
3, 23, 43, 509
What are the prime factors of 990539537?
13, 76195349
What are the prime factors of 29809329?
3, 11, 463, 1951
What are the prime factors of 19303456?
2, 41, 14713
What are the prime factors of 50477191?
41, 743, 1657
What are the prime factors of 355422784?
2, 967, 5743
List the prime factors of 577608869.
83, 617, 11279
List the prime factors of 1384120069.
53, 26115473
What are the prime factors of 375571489?
29, 503, 25747
What are the prime factors of 122867205?
3, 5, 19, 59, 7307
List the prime factors of 581637696.
2, 3, 661, 4583
What are the prime factors of 19090057?
7, 317, 1229
What are the prime factors of 24090034?
2, 37, 325541
What are the prime factors of 3370816800?
2, 3, 5, 13, 36013
List the prime factors of 2387782104.
2, 3, 193, 277, 1861
What are the prime factors of 480094754?
2, 47, 5107391
What are the prime factors of 9314111?
9314111
What are the prime factors of 134758195?
5, 11, 13, 188473
List the prime factors of 16913520.
2, 3, 5, 13, 139
List the prime factors of 131865357.
3, 13, 3381163
List the prime factors of 570402304.
2, 113, 9859
List the prime factors of 301670526.
2, 3, 6427, 7823
What are the prime factors of 36622823?
19, 47, 41011
What are the prime factors of 448616364?
2, 3, 7, 137, 5569
List the prime factors of 17527833.
3, 17, 4243
List the prime factors of 169961952.
2, 3, 1770437
List the prime factors of 19140425.
5, 383, 1999
List the prime factors of 81569005.
5, 7, 2330543
List the prime factors of 40331916.
2, 3, 73, 103, 149
What are the prime factors of 91540091?
91540091
List the prime factors of 483840541.
483840541
What are the prime factors of 30501282?
2, 3, 7, 726221
What are the prime factors of 535544030?
2, 5, 7, 17, 239, 269
What are the prime factors of 106194691?
181, 586711
List the prime factors of 200494895.
5, 859, 46681
What are the prime factors of 1057914423?
3, 43, 2733629
What are the prime factors of 7390784?
2, 17, 6793
List the prime factors of 275575279.
7, 39367897
List the prime factors of 135325060.
2, 5, 13, 40037
List the prime factors of 1465503118.
2, 732751559
List the prime factors of 527308478.
2, 5233, 50383
What are the prime factors of 1056341862?
2, 3, 58685659
What are the prime factors of 111537579?
3, 557, 66749
What are the prime factors of 3467350194?
2, 3, 7, 11, 107, 70141
What are the prime factors of 1574393373?
3, 7, 31, 115163
List the prime factors of 239793268.
2, 11, 13, 67, 6257
List the prime factors of 481020469.
481020469
List the prime factors of 2706262833.
3, 593, 1521227
List the prime factors of 1971290.
2, 5, 31, 6359
What are the prime factors of 459396022?
2, 19, 733, 16493
List the prime factors of 2553338330.
2, 5, 23, 11101471
List the prime factors of 1446506948.
2, 17, 2293, 9277
List the prime factors of 5381216406.
2, 3, 31, 829, 11633
List the prime factors of 199600085.
5, 39920017
What are the prime factors of 25297822?
2, 11, 1149901
What are the prime factors of 76392806?
2, 7, 19, 287191
What are the prime factors of 1575175265?
5, 17387, 18119
List the prime factors of 796777269.
3, 265592423
What are the prime factors of 36653840?
2, 5, 458173
List the prime factors of 377203120.
2, 5, 7, 53, 71, 179
List the prime factors of 877335127.
19, 46175533
List the prime factors of 1679482136.
2, 101, 587, 3541
List the prime factors of 44403137.
127, 2753
What are the prime factors of 2630757883?
13, 127, 1593433
What are the prime factors of 721948382?
2, 5987, 60293
What are the prime factors of 74489923?
74489923
List the prime factors of 67620983.
43, 331, 4751
List the prime factors of 65902000.
2, 5, 83, 397
List the prime factors of 465486761.
163, 2855747
What are the prime factors of 358946947?
23, 821, 19009
What are the prime factors of 280384958?
2, 7, 379, 7549
List the prime factors of 39269885.
5, 7853977
What are the prime factors of 2777043452?
2, 293, 8087
What are the prime factors of 792291817?
17, 67, 695603
What are the prime factors of 571959158?
2, 285979579
What are the prime factors of 456885996?
2, 3, 7, 307, 2531
What are the prime factors of 289228508?
2, 1039, 69593
What are the prime factors of 948998752?
2, 13, 17, 134191
List the prime factors of 44733595.
5, 8946719
List the prime factors of 237240044.
2, 59310011
What are the prime factors of 209073340?
2, 5, 7, 19, 53, 1483
List the prime factors of 60843847.
60843847
What are the prime factors of 44092263?
3, 14697421
What are the prime factors of 56646940?
2, 5, 7, 57803
List the prime factors of 2673656447.
7, 11, 149, 397, 587
List the prime factors of 50188384.
2, 79, 19853
List the prime factors of 47878721.
11, 4352611
What are the prime factors of 168477921?
3, 19, 23, 109, 131
List the prime factors of 2662616604.
2, 3, 19, 167, 69929
List the prime factors of 106442059.
106442059
List the prime factors of 9069945.
3, 5, 113, 5351
List the prime factors of 3763074993.
3, 1254358331
What are the prime factors of 346942178?
2, 11, 15770099
List the prime factors of 880761959.
7, 11, 17, 41, 16411
What are the prime factors of 308601318?
2, 3, 61, 843173
What are the prime factors of 71953613?
83, 419, 2069
What are the prime factors of 77445104?
2, 11, 131, 3359
List the prime factors of 253461113.
253461113
What are the prime factors of 740261043?
3, 653, 125959
List the prime factors of 285621893.
79, 3615467
List the prime factors of 3022543957.
3022543957
What are the prime factors of 1163428438?
2, 29, 883, 22717
What are the prime factors of 4216505777?
11, 131, 401, 7297
List the prime factors of 22518396.
2, 3, 557, 1123
What are the prime factors of 2092150149?
3, 151, 4618433
List the prime factors of 831975755.
5, 13, 12799627
What are the prime factors of 101000264?
2, 17, 167, 4447
List the prime factors of 4416455.
5, 19, 46489
What are the prime factors of 123336422?
2, 11, 1187, 4723
What are the prime factors of 761343091?
19, 109, 367621
List the prime factors of 867706858.
2, 19, 22834391
What are the prime factors of 16147215?
3, 5, 7, 2441
What are the prime factors of 439325091?
3, 353, 138283
List the prime factors of 61440631.
7, 71, 181, 683
What are the prime factors of 2043822012?
2, 3, 170318501
List the prime factors of 154361772.
2, 3, 31, 157, 881
What are the prime factors of 2804616901?
181, 15495121
List the prime factors of 49666490.
2, 5, 4966649
What are the prime factors of 49781187?
3, 5531243
List the prime factors of 130025820.
2, 3, 5, 2167097
What are the prime factors of 386879268?
2, 3, 17, 73, 83, 313
List the prime factors of 53397491.
7, 499, 15287
List the prime factors of 44114376.
2, 3, 101, 18199
What are the prime factors of 622255679?
97, 6415007
List the prime factors of 321923242.
2, 151, 191, 5581
What are the prime factors of 7056074484?
2, 3, 131, 498733
List the prime factors of 519457923.
3, 57717547
What are the prime factors of 6987107978?
2, 53, 65916113
List the prime factors of 5086917176.
2, 11, 23, 37, 67927
List the prime factors of 9333648.
2, 3, 64817
List the prime factors of 6785040.
2, 3, 5, 17, 1663
List t